ded by 16?
10
Suppose 4*g + 39 - 135 = 104. Calculate the remainder when 2899 is divided by g.
49
Let b(z) = z**2 - 8*z + 19. Let n be b(7). Suppose 0 = n*r - 133 - 299. What is the remainder when r is divided by 29?
7
Suppose a - 312 - 15 = 0. Let d(v) = -v**2 + 301*v + 6530. What is the remainder when a is divided by d(-20)?
107
Suppose 55*f - 97*f + 4200 = 0. Calculate the remainder when 277 is divided by f.
77
Suppose 2*i + 3887 = 3*v + 3923, 2*v + 69 = 3*i. Let m(p) = 30*p**3 + 1. Calculate the remainder when m(2) is divided by i.
25
Let o = 708 - 310. Suppose 27*c - 3*c - 192 = 0. What is the remainder when (-8)/44 - o/(-11) is divided by c?
4
Let w be (-3)/(12/(-32)*4). Suppose 6*y = w*f + 9*y - 51, -4*f = -5*y - 157. Calculate the remainder when f is divided by 18.
15
Let r = 30 + -26. Let t be ((-12)/9)/(4/(-9)). Suppose 5*d - 132 = -s + 85, -t*d + 120 = r*s. Calculate the remainder when 129 is divided by d.
41
Let n(r) = 5*r**2 + 3*r - 23. Let t = -537 + 581. What is the remainder when n(6) is divided by t?
43
Suppose -10*b = -3762 - 5338. Calculate the remainder when b is divided by 2*((-94)/(-5) + 6/30).
36
Let c = -115939 + 115962. Suppose 0 = 3*a - a - 564. Let b = -146 + a. Calculate the remainder when b is divided by c.
21
Calculate the remainder when ((-1448710)/(-4184))/((-5)/(-24) + 0) is divided by 84.
66
Let p be (270/72)/(1/4). Let w(y) = y**2 - y - 51. Calculate the remainder when w(p) is divided by 7.
5
Let p(k) = 6*k - 2*k - 6*k + 6*k - 2. What is the remainder when -53*(-1)/(-2 - (-6 - -3)) is divided by p(5)?
17
Suppose 0*w + 4*w = -12, -4*j - 582 = 2*w. Suppose a = 3*a - 10. Calculate the remainder when j/30 + 5 - 117/(-15) is divided by a.
3
Let k = 26 + -23. Suppose 2*h - 5*p = -16 - 9, -k*h + 5*p = 30. Let i = h - -50. Calculate the remainder when i is divided by 23.
22
Suppose -5*z + 40 = 5*h, 5*z - h - 20 = 4*h. Let y(t) be the first derivative of t**3 - 2*t**2 + 11*t + 1447. What is the remainder when y(z) is divided by 16?
15
Let m be 0 + 3 + -1 + -28. Let j = 28 + m. Suppose -5*p = -2*t - 15, 5*t = -j*p + 42 - 7. Calculate the remainder when 13 is divided by t.
3
What is the remainder when 4352/17*(-1)/(-2) is divided by 36?
20
Let p(n) = -9*n**2 + 4*n + 5. Let a be p(-1). Let i(o) = -o**3 - 7*o**2 + 8*o + 8. What is the remainder when 13*3/(-9)*-3 is divided by i(a)?
5
Suppose -45 = 2*b + k, 5*k - 75 = 2*b - 0*k. Let o = 29 + b. Suppose 2*u + 373 = o*c + 19, c - 5*u = 93. Calculate the remainder when c is divided by 23.
19
Let y be (-1 - -10)/((-5144)/(-512) - 10). Let c = -162 + y. Calculate the remainder when 1017 is divided by c.
27
Let r = 7464 + -7439. Calculate the remainder when 822 is divided by r.
22
Let y(r) = -r**2 - 2. Let u(n) = -2*n**2 + n - 7. Let p(f) = -2*u(f) + 7*y(f). Let i be p(-5). Let k = -16 - i. Calculate the remainder when k is divided by 26.
23
Let a(b) be the third derivative of 0 + 1/60*b**5 + 13/6*b**3 - 7/24*b**4 + 15*b**2 + 0*b. Calculate the remainder when 77 is divided by a(8).
14
Let q = 6 + -4. Suppose 5*i + 0*i - 5*f - 25 = 0, 0 = -4*i - 3*f + 41. Suppose q = -o + i. Calculate the remainder when 34 is divided by o.
4
What is the remainder when 1116 is divided by (-44)/(-8)*-18*(-42)/63?
60
Let f(n) = 5*n**2 - 4*n - 32. Let r be f(-4). Suppose 2*u = -2*g + 32, -17*u + r = -13*u + 2*g. What is the remainder when u is divided by 2 + 0 + (-16)/(-2)?
6
Let z(h) = -130 - 9*h + h**2 - 134 + 286. What is the remainder when 124 is divided by z(7)?
4
Suppose -b + 25*d + 18 = 24*d, -d = 3*b - 54. What is the remainder when 2123 is divided by b?
17
Let w(x) = -4*x**2 - 31*x - 12. Suppose 0 = 2*r + r + 2*q - 42, 5*r = 2*q + 86. What is the remainder when r is divided by w(-7)?
7
Let h = -4 + 5. Let s = -1821 - -1835. What is the remainder when -8 - -9 - (-82 + h) is divided by s?
12
Let h(f) = 2*f**3 - 14*f**2 + 4*f - 12. Let r(l) = 12*l - 11. What is the remainder when r(6) is divided by h(7)?
13
Let d be 6/(-66)*167 + 2/11. Let v = 36 + d. What is the remainder when 70 is divided by v?
7
Suppose 0 = -4*m - 12, -5*n + 204 + 101 = 5*m. Calculate the remainder when 701 is divided by n.
61
Let m(g) = 3*g**2 - 97*g + 261. What is the remainder when m(38) is divided by 150?
7
Let d = 1 + 11. Suppose 1719 = 3*z + g, 5*g = 3*z + g - 1734. Let h = z + -531. Calculate the remainder when h is divided by d.
7
Let n(r) = 15*r - 18. Let b be 58/(-6) + (57/(-9) - -6). Let o(g) = g**3 + 8*g**2 - 21*g - 8. Let m be o(b). Calculate the remainder when n(m) is divided by 5.
2
Let o(t) = -t**2 - 78*t - 712. What is the remainder when 1062 is divided by o(-11)?
12
Suppose 5*a = -y + 3322, -5*y - 444 = -4*a + 2260. Calculate the remainder when a is divided by 46.
22
Suppose 3*c + 5*c + 23*c - 5208 = 0. Calculate the remainder when 209 is divided by c.
41
Suppose -3*f + 231 = -61*o + 64*o, -154 = -2*o + f. What is the remainder when 220 is divided by o?
66
Suppose -11*i + 54 = -2*i. Suppose -9*l = -i*l - 3*s, -6 = -l - s. Let y(g) = 2*g**3 + 5*g**2 - g - 4. What is the remainder when y(l) is divided by 32?
28
Let b = -2853 + 2872. Let u(w) = 183*w**3 - w**2 - w - 1. Let r be u(-1). Let a = -91 - r. Calculate the remainder when a is divided by b.
17
Let y(g) = 9*g**2 + 81*g + 232. What is the remainder when y(-9) is divided by 49?
36
Let c(r) be the third derivative of r**4/4 - 2*r**3/3 + r**2. Calculate the remainder when (276/621 - (-502)/45)/(1/5) is divided by c(4).
18
Suppose -18*q + 8*q = -1200. Let a = -116 + q. Suppose -2*k = 2*k + 5*p - 96, p + a = 0. What is the remainder when 173 is divided by k?
28
Suppose -248*d - 1181234 + 1727339 = -2423695. Calculate the remainder when d is divided by 99.
95
Let k(j) = -8*j + 490. Calculate the remainder when 113 is divided by k(61).
1
Let y(j) = 4*j**2 - 236*j - 1205. Calculate the remainder when 3299 is divided by y(64).
74
Let w(u) = 11*u - 78. Let q(b) = 5*b - 38. Let g(y) = -5*q(y) + 2*w(y). What is the remainder when g(6) is divided by 3 - (3 + -2 + -1)?
1
Let r = -97 + 137. Let n = -20 + 138. What is the remainder when n is divided by r?
38
Let n = -53 - -81. Suppose 4*y + 144 = n*y. What is the remainder when 147 is divided by y?
3
Let s = 554 - 550. Suppose 4*n = -4*f + 33 + 15, -s*n + 13 = -3*f. Calculate the remainder when 47 is divided by n.
5
Let f = 3929 - 2386. Suppose -1581 - f = -22*l. Calculate the remainder when l is divided by 13.
12
Suppose 315 = 5*n + 110. Suppose 0 = 23*w - n*w + 702. Calculate the remainder when 140 is divided by w.
23
Suppose n - 2 = 0, 305*x = 304*x + n + 136. Calculate the remainder when 1379 is divided by x.
137
Suppose -5 = 5*y - 390. Calculate the remainder when y is divided by ((-42)/18)/((-2)/36).
35
Let s be 5770/80 + (3 - 50/16). Calculate the remainder when 28 is divided by (-46)/(-7) - (s/(-42))/4.
0
Suppose -6*g = -4*t + 197 + 537, g = 3*t - 561. Calculate the remainder when 247 is divided by t.
59
Suppose r = -r + 6, 0 = -5*g - 3*r - 596. Let a = 4297 + -4378. Let n = a - g. Calculate the remainder when 159 is divided by n.
39
Let i(m) = m**3 - 25*m**2 + 29*m - 1280. Calculate the remainder when 520 is divided by i(26).
70
Suppose -h + 4 = 3*v - 2, -5*h = -3*v + 24. Suppose 32*z = -5*i + 37*z + 760, -5*z = v*i - 416. What is the remainder when i is divided by ((-10)/4)/((-1)/10)?
22
Suppose r = -44*r + 1890. What is the remainder when r is divided by 19?
4
Suppose 15147 + 3221 = 41*j. What is the remainder when j is divided by 25?
23
What is the remainder when 476 is divided by 208*49/112 + (-2)/((-4)/10)?
92
Let x(p) = 141*p - 4*p**2 - 16 - 292*p + 140*p + p**3. Calculate the remainder when x(7) is divided by 29.
25
Let s = -22 + 4. Let f be 12/s*(-2 + 3 - 4). Suppose 5*g - w = 94, -f*g + 8*w = 3*w - 33. What is the remainder when g is divided by 15?
4
Let h = 2 - 3. Let z(x) = -4*x**2 - 193*x + 5051. What is the remainder when z(-67) is divided by h/((-2)/44*2)?
4
Let p(k) = -25*k + 129. Let u be p(5). Suppose u*x = 3*d - 123, x - 183 = 4*d - 8*d. What is the remainder when 356 is divided by d?
41
Let j(v) = 111*v + 1136. What is the remainder when 810 is divided by j(-9)?
125
Suppose -5*g + 2252 = 4*o - 20, 916 = 2*g - 2*o. Calculate the remainder when g is divided by 77.
71
Let l be (8 + -9)*671